0
In base 14, what is -d249 + -2?
-d24b
In base 15, what is 719 + 14?
72d
In base 16, what is -25e514 - 3?
-25e517
In base 4, what is -12 + 32331130?
32331112
In base 9, what is -313571 + -18?
-313600
In base 6, what is 2331 + -12?
2315
In base 16, what is -848 - -1e4?
-664
In base 5, what is -1110310 + 1034?
-1104221
In base 14, what is cd4a - 2b?
cd1d
In base 12, what is -1a21b + 56?
-1a185
In base 11, what is -2 + 48a3?
48a1
In base 10, what is -13140 + 5?
-13135
In base 13, what is 2 + 1173?
1175
In base 12, what is -41739 - -20?
-41719
In base 3, what is -2201010 - 102010?
-10010020
In base 10, what is 1869 - -6?
1875
In base 2, what is 111001011001010111 - 1010?
111001011001001101
In base 6, what is -1543354 + 2?
-1543352
In base 12, what is -3624a - 5?
-36253
In base 5, what is -24 + -1114?
-1143
In base 15, what is -657 - -2?
-655
In base 9, what is -3016372 - -1?
-3016371
In base 9, what is 100 + 10440?
10540
In base 4, what is 11 + 231233321?
231233332
In base 9, what is -123768 - 1?
-123770
In base 13, what is -4 - 27ab2?
-27ab6
In base 14, what is -4 - cb9ca?
-cb9d0
In base 12, what is 8116 - 4?
8112
In base 6, what is -1 - 3041434?
-3041435
In base 12, what is -4 + -8a94?
-8a98
In base 10, what is 214 - -31?
245
In base 15, what is 6d0 - 160?
570
In base 5, what is 214414332 + 0?
214414332
In base 16, what is 1b + 245?
260
In base 3, what is -11 + 211000100?
211000012
In base 3, what is 2021 - -22000220?
22010011
In base 14, what is -1b76 + b?
-1b69
In base 3, what is 2022000202 - 22?
2022000110
In base 4, what is 100232 + -101?
100131
In base 11, what is 3 - 32?
-2a
In base 10, what is -4 + 13088?
13084
In base 7, what is -2364465 + 2?
-2364463
In base 5, what is -431 - -120014?
114033
In base 15, what is -854c5 + 5?
-854c0
In base 13, what is -54a4 + 1c?
-5485
In base 4, what is 1333 - -1201000?
1202333
In base 12, what is -910 - -79?
-853
In base 11, what is -7110 + 10?
-7100
In base 5, what is 10 - -3443021?
3443031
In base 4, what is 123 - 1002321?
-1002132
In base 3, what is -10220011000100 + 2?
-10220011000021
In base 5, what is 1440222 + -3?
1440214
In base 2, what is -1010001111 - 1010?
-1010011001
In base 13, what is 156978 + -4?
156974
In base 15, what is 6 + -ab6?
-ab0
In base 6, what is -2 - -5205053?
5205051
In base 13, what is -1950c - -5?
-19507
In base 14, what is -12b97 + -4c?
-12c05
In base 11, what is 289 + -162?
127
In base 11, what is 10185 + -5?
10180
In base 8, what is -123 - -13734?
13611
In base 9, what is 17 - 8670?
-8652
In base 2, what is -11 + -1010011101011100?
-1010011101011111
In base 7, what is -103 - -5665?
5562
In base 8, what is -101206 - -121?
-101065
In base 8, what is -317 + -43?
-362
In base 10, what is -4 - 425698?
-425702
In base 9, what is 21572 - 7?
21564
In base 16, what is -4 - 182b9?
-182bd
In base 5, what is 20031013 + -3?
20031010
In base 4, what is -11220203230 + -1?
-11220203231
In base 13, what is 23 - 27a51?
-27a2b
In base 16, what is -170 - a3?
-213
In base 2, what is 1010111101 - 10010?
1010101011
In base 6, what is 1255 + 1344?
3043
In base 7, what is -232 + -12350?
-12612
In base 4, what is -32302101 - 3?
-32302110
In base 11, what is -90017 - 1?
-90018
In base 7, what is 216 + 1113?
1332
In base 11, what is -8072 + 4?
-8069
In base 4, what is 1020 - 2020300?
-2013220
In base 2, what is 101 + 11000010100001?
11000010100110
In base 14, what is 37 + -21542?
-21509
In base 15, what is -2 - -78de?
78dc
In base 5, what is 10 - -3012442?
3013002
In base 6, what is 2 + -14122525?
-14122523
In base 10, what is 30913 + 2?
30915
In base 13, what is -7551 + -14?
-7565
In base 10, what is -394169 - 4?
-394173
In base 10, what is -34 - -72071?
72037
In base 12, what is -322 + 967?
645
In base 16, what is -159 - -7e?
-db
In base 13, what is 23442 + -1?
23441
In base 16, what is 7e0 - 537?
2a9
In base 12, what is 18b7b - -5?
18b84
In base 4, what is 10 - 113?
-103
In base 6, what is 1011215 - -2?
1011221
In base 10, what is 5 - 3041?
-3036
In base 15, what is 2a + -1328?
-12ed
In base 12, what is -10 - 46a4?
-46b4
In base 8, what is 327134 - -34?
327170
In base 3, what is -10 - 1010202002?
-1010202012
In base 5, what is -11201311 - -1?
-11201310
In base 13, what is -7b6 + 155?
-661
In base 6, what is -2 - 114021?
-114023
In base 16, what is 1 - d69f4?
-d69f3
In base 8, what is 1362120 + -5?
1362113
In base 7, what is -142544 + 0?
-142544
In base 4, what is 22210310203 - 10?
22210310133
In base 13, what is -9c + -34a1?
-3570
In base 9, what is -1 + 34551?
34550
In base 10, what is -3 + -6673?
-6676
In base 11, what is 23 - -3977?
399a
In base 3, what is 10121 - 10100110002?
-10100022111
In base 15, what is -10 - -56374?
56364
In base 3, what is 2101 - 2221201?
-2212100
In base 10, what is 36 - -4886?
4922
In base 15, what is 77994 + -5?
7798e
In base 2, what is 11 - 11000011101?
-11000011010
In base 8, what is -261170 + -3?
-261173
In base 14, what is 5 + -8d79?
-8d74
In base 2, what is -1 - -1001111000100110000?
1001111000100101111
In base 4, what is 22132 + 130001?
212133
In base 11, what is 128a - a9?
1191
In base 13, what is -908558 - 4?
-90855c
In base 6, what is -3 + -2002224?
-2002231
In base 7, what is 43 - -1135?
1211
In base 7, what is -314322 - 3?
-314325
In base 8, what is -4375265 + -2?
-4375267
In base 10, what is -109 + 506?
397
In base 7, what is -305300 - -200?
-305100
In base 4, what is 1 + -222332?
-222331
In base 11, what is 4 - 4060?
-4057
In base 12, what is 2a41 + -5b?
29a2
In base 15, what is -16d1 - -15?
-16bb
In base 10, what is -88569 + 13?
-88556
In base 4, what is -303033100 + -1?
-303033101
In base 4, what is -2 - 311210132?
-311210200
In base 4, what is 102323001 - 1?
102323000
In base 2, what is 1010001000011 + -11101?
1010000100110
In base 14, what is 16 + 178?
190
In base 11, what is -33a48 + -6?
-33a53
In base 12, what is -14aa7 + -4?
-14aab
In base 6, what is 1404 - -3050?
4454
In base 5, what is 23104 - 3124?
14430
In base 16, what is -1dd97 - -3?
-1dd94
In base 16, what is -2ea8 - 3?
-2eab
In base 16, what is 404 + -bf?
345
In base 6, what is -252 - 3345?
-4041
In base 4, what is 3 + 2100103202?
2100103211
In base 12, what is 7a922 + 15?
7a937
In base 9, what is 1583501 - -2?
1583503
In base 12, what is 12 + -103b?
-1029
In base 7, what is -12 + 124155?
124143
In base 3, what is -101002222 + -2?
-101010001
In base 5, what is -4 - -423413?
423404
In base 13, what is 60a0 + -22?
607b
In base 14, what is -62 + 2a?
-36
In base 9, what is 1 + -18352?
-18351
In base 11, what is 10749 + 2a?
10778
In base 8, what is -5 + -7145?
-7152
In base 10, what is 5 - -33992?
33997
In base 8, what is -734 + 3623?
2667
In base 12, what is b20 - 3b?
aa1
In base 8, what is 1657710 - 4?
1657704
In base 2, what is 1011010 - 10000110110?
-1111011100
In base 2, what is 111011101110110110 + 11?
111011101110111001
In base 10, what is -7 + 53364?
53357
In base 9, what is -17 - -17273?
17255
In base 11, what is 273 + 365?
628
In base 2, what is 100010100001 + -101010011?
11101001110
In base 2, what is -10010 - -10101111111?
10101101101
In base 10, what is 31295 + -8?
31287
In base 14, what is 467 - 2c1?
186
In base 4, what is 301 - 22131111?
-22130210
In base 6, what is 54130501 - -3?
54130504
In base 14, what is 2 - 48d0d?
-48d0b
In base 14, what is -a - a10?
-a1a
In base 7, what is -1 + 4056?
4055
In base 9, what is -646 + -3034?
-3681
In base 13, what is 230 + 5a?
28a
In base 12, what is -5 - -83a8?
83a3
In base 10, what is -228981 - 13?
-228994
In base 5, what is 20 - -11134300?
11134320
In base 12, what is 12 + -22176?
-22164
In base 3, what is -1202012 - -11110200?
2201111
In base 5, what is 1200404 - 123?
1200231
In base 7, what is -503 - 225?
-1031
In base 6, what is -5334 + -22?
-5400
In base 2, what is -1011 + 1111010010111?
1111010001100
In base 5, what is 1330141 - 111?
1330030
In base 7, what is 211 + -4131?
-3620
In base 15, what is 1e2 + 66?
258
In base 2, what is -101111000011000 + -1111?
-101111000100111
In base 5, what is 1 + 1032203?
1032204
In base 14, what is -17 + 2d3c?
2d25
In base 3, what is 1 - -2022002022?
2022002100
In base 3, what is -2202021 - 1011211?
-10221002
In base 8, what is -277 - 354?
-653
In base 2, what is 1011000011010 - 11?
101100001011